{"id":1547,"date":"2026-04-10T16:05:37","date_gmt":"2026-04-10T16:05:37","guid":{"rendered":"https:\/\/domesticassp.com.br\/?page_id=1547"},"modified":"2026-04-12T14:00:39","modified_gmt":"2026-04-12T14:00:39","slug":"acompanhante-de-idosos","status":"publish","type":"page","link":"https:\/\/domesticassp.com.br\/?page_id=1547","title":{"rendered":"Como contratar um Acompanhante de Idosos de total confian\u00e7a"},"content":{"rendered":"\n<blockquote class=\"wp-block-quote is-layout-flow wp-block-quote-is-layout-flow\">\n<p>Profissional dedicada para acompanhar idosos, oferecer apoio emocional, seguran\u00e7a e aux\u00edlio nas atividades cotidianas<\/p>\n<\/blockquote>\n\n\n\n<div class=\"wp-block-columns is-layout-flex wp-container-core-columns-is-layout-28f84493 wp-block-columns-is-layout-flex\">\n<div class=\"wp-block-column is-layout-flow wp-block-column-is-layout-flow\" style=\"flex-basis:33.33%\">\n<div class=\"wp-block-uagb-image uagb-block-fd6599b8 wp-block-uagb-image--layout-default wp-block-uagb-image--effect-static wp-block-uagb-image--align-none\"><figure class=\"wp-block-uagb-image__figure\"><img loading=\"lazy\" decoding=\"async\" srcset=\"https:\/\/domesticassp.com.br\/wp-content\/uploads\/2026\/03\/Acompanhante_2-1024x683.jpg ,https:\/\/domesticassp.com.br\/wp-content\/uploads\/2026\/03\/Acompanhante_2-scaled.jpg 780w, https:\/\/domesticassp.com.br\/wp-content\/uploads\/2026\/03\/Acompanhante_2-scaled.jpg 360w\" sizes=\"auto, (max-width: 480px) 150px\" src=\"https:\/\/domesticassp.com.br\/wp-content\/uploads\/2026\/03\/Acompanhante_2-1024x683.jpg\" alt=\"acompanhante 2\" class=\"uag-image-1220\" width=\"1024\" height=\"683\" title=\"acompanhante 2\" loading=\"lazy\" role=\"img\"\/><\/figure><\/div>\n<\/div>\n\n\n\n<div class=\"wp-block-column is-layout-flow wp-block-column-is-layout-flow\" style=\"flex-basis:66.66%\">\n<div class=\"wp-block-uagb-info-box uagb-block-b19da502 uagb-infobox__content-wrap  uagb-infobox-icon-above-title uagb-infobox-image-valign-top\"><div class=\"uagb-ifb-content\"><div class=\"uagb-ifb-icon-wrap\"><svg xmlns=\"https:\/\/www.w3.org\/2000\/svg\" viewBox=\"0 0 512 512\"><path d=\"M0 256C0 114.6 114.6 0 256 0C397.4 0 512 114.6 512 256C512 397.4 397.4 512 256 512C114.6 512 0 397.4 0 256zM371.8 211.8C382.7 200.9 382.7 183.1 371.8 172.2C360.9 161.3 343.1 161.3 332.2 172.2L224 280.4L179.8 236.2C168.9 225.3 151.1 225.3 140.2 236.2C129.3 247.1 129.3 264.9 140.2 275.8L204.2 339.8C215.1 350.7 232.9 350.7 243.8 339.8L371.8 211.8z\"><\/path><\/svg><\/div><div class=\"uagb-ifb-title-wrap\"><h3 class=\"uagb-ifb-title\">Acompanhante de Idosos<\/h3><\/div><p class=\"uagb-ifb-desc\">Um acompanhante de idosos desempenha um papel essencial para garantir n\u00e3o apenas o bem-estar f\u00edsico, mas tamb\u00e9m o emocional e social da pessoa assistida. Aqui est\u00e1 um descritivo das principais atividades que costumam ser determinantes nessa fun\u00e7\u00e3o:<br><br>\ud83e\uddd1\u200d\u2695\ufe0f Cuidados b\u00e1sicos de sa\u00fade<br>Auxiliar na administra\u00e7\u00e3o correta de medicamentos (sempre conforme prescri\u00e7\u00e3o m\u00e9dica).<br>Acompanhar consultas m\u00e9dicas e exames, ajudando na comunica\u00e7\u00e3o com profissionais de sa\u00fade.<br>Observar sinais de desconforto, altera\u00e7\u00f5es de humor ou sintomas que precisem de aten\u00e7\u00e3o.<br><br>\ud83c\udf7d\ufe0f Apoio nas atividades di\u00e1rias<br>Auxiliar na higiene pessoal (banho, troca de roupas, cuidados com cabelo e unhas).<br>Apoiar na alimenta\u00e7\u00e3o, seja preparando refei\u00e7\u00f5es equilibradas ou ajudando na hora de comer.<br>Organizar o ambiente para maior seguran\u00e7a (evitar quedas, manter objetos ao alcance).<br><br>\ud83d\udeb6\u200d\u2642\ufe0f Mobilidade e seguran\u00e7a<br>Ajudar em deslocamentos dentro e fora de casa.<br>Incentivar exerc\u00edcios leves ou caminhadas, respeitando limita\u00e7\u00f5es f\u00edsicas.<br>Garantir que o idoso esteja sempre em um ambiente seguro e confort\u00e1vel.<br><br>\ud83d\udcac Companhia e est\u00edmulo emocional<br>Conversar, ouvir hist\u00f3rias e oferecer aten\u00e7\u00e3o para reduzir a solid\u00e3o.<br>Estimular atividades cognitivas (leitura, jogos de mem\u00f3ria, m\u00fasica).<br>Promover intera\u00e7\u00e3o social, acompanhando visitas ou passeios.<br><br>\ud83d\udccb Organiza\u00e7\u00e3o e rotina<br>Manter hor\u00e1rios regulares de alimenta\u00e7\u00e3o, medica\u00e7\u00e3o e descanso.<br>Ajudar na gest\u00e3o de compromissos e lembretes importantes.<br>Apoiar em tarefas dom\u00e9sticas leves, como arruma\u00e7\u00e3o do quarto ou organiza\u00e7\u00e3o de objetos pessoais.<br><br>\ud83d\udc49 Em resumo: o acompanhante de idosos deve ser algu\u00e9m que une <strong>cuidado, paci\u00eancia e empatia<\/strong>, garantindo tanto a sa\u00fade quanto a qualidade de vida da pessoa assistida.<br><br><a href=\"https:\/\/domesticassp.com.br\/?page_id=843\">Faca seu Pedido Agora<\/a><br><br><a href=\"https:\/\/domesticassp.com.br\/?page_id=847\">Cadastre seu Curriculo<\/a><br><br>\u00cdndice Remissivo<a href=\"https:\/\/domesticassp.com.br\/?page_id=1565\"> : empregada dom\u00e9stica<\/a> \u00a0&#8211; <a href=\"https:\/\/domesticassp.com.br\/?page_id=1541\">\u00a0arrumadeira dom\u00e9stica<\/a>\u00a0 &#8211; <a href=\"https:\/\/domesticassp.com.br\/?page_id=1547\">\u00a0cuidadora de idosos<\/a>\u00a0 &#8211; <a href=\"https:\/\/domesticassp.com.br\/?page_id=1667\">\u00a0bab\u00e1<\/a>\u00a0 &#8211; <a href=\"https:\/\/domesticassp.com.br\/?page_id=1669\">\u00a0cozinheira dom\u00e9stica<\/a>\u00a0 &#8211; <a href=\"https:\/\/domesticassp.com.br\/?page_id=1671\">\u00a0faxineira diarista<\/a>\u00a0 &#8211; <a href=\"https:\/\/domesticassp.com.br\/?page_id=1537\">\u00a0retornar a servi\u00e7os<\/a><\/p><\/div><\/div>\n<\/div>\n<\/div>\n\n\n\n<p><\/p>\n\n\n\n<div class=\"wp-block-uagb-call-to-action uagb-block-e314fdf3 wp-block-button\"><div class=\"uagb-cta__wrap\"><h3 class=\"uagb-cta__title\">Contrate<\/h3><p class=\"uagb-cta__desc\"><strong><a href=\"https:\/\/domesticassp.com.br\/?page_id=843\" title=\"&quot;Precisa de uma profissional confi\u00e1vel? Entre em contato e encontre a pessoa ideal para sua casa.&quot;\">&#8220;Precisa de uma profissional confi\u00e1vel? Entre em contato e encontre a pessoa ideal para sua casa.&#8221;<\/a><\/strong><\/p><\/div><div class=\"uagb-cta__buttons\"><a href=\"#\" class=\"uagb-cta__button-link-wrapper wp-block-button__link\" target=\"_self\" rel=\"noopener noreferrer\">Read More<svg xmlns=\"https:\/\/www.w3.org\/2000\/svg\" viewBox=\"0 0 512 512\"><path d=\"M504.3 273.6l-112.1 104c-6.992 6.484-17.18 8.218-25.94 4.406c-8.758-3.812-14.42-12.45-14.42-21.1L351.9 288H32C14.33 288 .0002 273.7 .0002 255.1S14.33 224 32 224h319.9l0-72c0-9.547 5.66-18.19 14.42-22c8.754-3.809 18.95-2.075 25.94 4.41l112.1 104C514.6 247.9 514.6 264.1 504.3 273.6z\"><\/path><\/svg><\/a><\/div><\/div>\n\n\n\n<p><\/p>\n","protected":false},"excerpt":{"rendered":"<p>Profissional dedicada para acompanhar idosos, oferecer apoio emocional, seguran\u00e7a e aux\u00edlio nas atividades cotidianas<\/p>\n","protected":false},"author":1,"featured_media":0,"parent":0,"menu_order":0,"comment_status":"closed","ping_status":"closed","template":"","meta":{"_uag_custom_page_level_css":"","site-sidebar-layout":"default","site-content-layout":"","ast-site-content-layout":"default","site-content-style":"default","site-sidebar-style":"default","ast-global-header-display":"","ast-banner-title-visibility":"","ast-main-header-display":"","ast-hfb-above-header-display":"","ast-hfb-below-header-display":"","ast-hfb-mobile-header-display":"","site-post-title":"","ast-breadcrumbs-content":"","ast-featured-img":"","footer-sml-layout":"","ast-disable-related-posts":"","theme-transparent-header-meta":"","adv-header-id-meta":"","stick-header-meta":"","header-above-stick-meta":"","header-main-stick-meta":"","header-below-stick-meta":"","astra-migrate-meta-layouts":"set","ast-page-background-enabled":"default","ast-page-background-meta":{"desktop":{"background-color":"var(--ast-global-color-4)","background-image":"","background-repeat":"repeat","background-position":"center center","background-size":"auto","background-attachment":"scroll","background-type":"","background-media":"","overlay-type":"","overlay-color":"","overlay-opacity":"","overlay-gradient":""},"tablet":{"background-color":"","background-image":"","background-repeat":"repeat","background-position":"center center","background-size":"auto","background-attachment":"scroll","background-type":"","background-media":"","overlay-type":"","overlay-color":"","overlay-opacity":"","overlay-gradient":""},"mobile":{"background-color":"","background-image":"","background-repeat":"repeat","background-position":"center center","background-size":"auto","background-attachment":"scroll","background-type":"","background-media":"","overlay-type":"","overlay-color":"","overlay-opacity":"","overlay-gradient":""}},"ast-content-background-meta":{"desktop":{"background-color":"var(--ast-global-color-5)","background-image":"","background-repeat":"repeat","background-position":"center center","background-size":"auto","background-attachment":"scroll","background-type":"","background-media":"","overlay-type":"","overlay-color":"","overlay-opacity":"","overlay-gradient":""},"tablet":{"background-color":"var(--ast-global-color-5)","background-image":"","background-repeat":"repeat","background-position":"center center","background-size":"auto","background-attachment":"scroll","background-type":"","background-media":"","overlay-type":"","overlay-color":"","overlay-opacity":"","overlay-gradient":""},"mobile":{"background-color":"var(--ast-global-color-5)","background-image":"","background-repeat":"repeat","background-position":"center center","background-size":"auto","background-attachment":"scroll","background-type":"","background-media":"","overlay-type":"","overlay-color":"","overlay-opacity":"","overlay-gradient":""}},"footnotes":""},"class_list":["post-1547","page","type-page","status-publish","hentry"],"aioseo_notices":[],"_hostinger_reach_plugin_has_subscription_block":false,"_hostinger_reach_plugin_is_elementor":false,"uagb_featured_image_src":{"full":false,"thumbnail":false,"medium":false,"medium_large":false,"large":false,"1536x1536":false,"2048x2048":false},"uagb_author_info":{"display_name":"lucianosegura@icloud.com","author_link":"https:\/\/domesticassp.com.br\/?author=1"},"uagb_comment_info":0,"uagb_excerpt":"Profissional dedicada para acompanhar idosos, oferecer apoio emocional, seguran\u00e7a e aux\u00edlio nas atividades cotidianas","_links":{"self":[{"href":"https:\/\/domesticassp.com.br\/index.php?rest_route=\/wp\/v2\/pages\/1547","targetHints":{"allow":["GET"]}}],"collection":[{"href":"https:\/\/domesticassp.com.br\/index.php?rest_route=\/wp\/v2\/pages"}],"about":[{"href":"https:\/\/domesticassp.com.br\/index.php?rest_route=\/wp\/v2\/types\/page"}],"author":[{"embeddable":true,"href":"https:\/\/domesticassp.com.br\/index.php?rest_route=\/wp\/v2\/users\/1"}],"replies":[{"embeddable":true,"href":"https:\/\/domesticassp.com.br\/index.php?rest_route=%2Fwp%2Fv2%2Fcomments&post=1547"}],"version-history":[{"count":7,"href":"https:\/\/domesticassp.com.br\/index.php?rest_route=\/wp\/v2\/pages\/1547\/revisions"}],"predecessor-version":[{"id":1699,"href":"https:\/\/domesticassp.com.br\/index.php?rest_route=\/wp\/v2\/pages\/1547\/revisions\/1699"}],"wp:attachment":[{"href":"https:\/\/domesticassp.com.br\/index.php?rest_route=%2Fwp%2Fv2%2Fmedia&parent=1547"}],"curies":[{"name":"wp","href":"https:\/\/api.w.org\/{rel}","templated":true}]}}