{"id":1565,"date":"2026-04-11T12:13:14","date_gmt":"2026-04-11T12:13:14","guid":{"rendered":"https:\/\/domesticassp.com.br\/?page_id=1565"},"modified":"2026-04-12T13:54:50","modified_gmt":"2026-04-12T13:54:50","slug":"empregada-domestica-servicos-gerais-e-organizacao-da-casa","status":"publish","type":"page","link":"https:\/\/domesticassp.com.br\/?page_id=1565","title":{"rendered":"Empregada Dom\u00e9stica \u2013 Servi\u00e7os Gerais e Organiza\u00e7\u00e3o da Casa"},"content":{"rendered":"\n<p class=\"has-ast-global-color-0-color has-text-color has-link-color has-medium-font-size wp-elements-f07ad7d233305a2e25e8ea3316965ae3\"><a href=\"https:\/\/domesticassp.com.br\/?page_id=843\" title=\"Contrate uma empregada dom\u00e9stica para servi\u00e7os gerais, limpeza, organiza\u00e7\u00e3o e apoio no dia a dia da sua resid\u00eancia\">Contrate uma empregada dom\u00e9stica para servi\u00e7os gerais, limpeza, organiza\u00e7\u00e3o e apoio no dia a dia da sua resid\u00eancia<\/a><\/p>\n\n\n\n<div class=\"wp-block-columns is-layout-flex wp-container-core-columns-is-layout-28f84493 wp-block-columns-is-layout-flex\">\n<div class=\"wp-block-column is-layout-flow wp-block-column-is-layout-flow\">\n<div class=\"wp-block-uagb-image uagb-block-209d5352 wp-block-uagb-image--layout-default wp-block-uagb-image--effect-static wp-block-uagb-image--align-none\"><figure class=\"wp-block-uagb-image__figure\"><img loading=\"lazy\" decoding=\"async\" srcset=\"https:\/\/domesticassp.com.br\/wp-content\/uploads\/2026\/04\/Tela_Home1-1024x683.png ,https:\/\/domesticassp.com.br\/wp-content\/uploads\/2026\/04\/Tela_Home1.png 780w, https:\/\/domesticassp.com.br\/wp-content\/uploads\/2026\/04\/Tela_Home1.png 360w\" sizes=\"auto, (max-width: 480px) 150px\" src=\"https:\/\/domesticassp.com.br\/wp-content\/uploads\/2026\/04\/Tela_Home1-1024x683.png\" alt=\"tela home1\" class=\"uag-image-1285\" width=\"1024\" height=\"681\" title=\"tela home1\" loading=\"lazy\" role=\"img\"\/><\/figure><\/div>\n<\/div>\n\n\n\n<div class=\"wp-block-column is-layout-flow wp-block-column-is-layout-flow\">\n<div class=\"wp-block-uagb-advanced-heading uagb-block-3a08212a\"><h2 class=\"uagb-heading-text\">Empregada Domestica<\/h2><\/div>\n\n\n\n<div class=\"wp-block-uagb-info-box uagb-block-be0c59be uagb-infobox__content-wrap  uagb-infobox-icon-above-title uagb-infobox-image-valign-top\"><div class=\"uagb-ifb-content\"><div class=\"uagb-ifb-icon-wrap\"><svg xmlns=\"https:\/\/www.w3.org\/2000\/svg\" viewBox=\"0 0 512 512\"><path d=\"M0 256C0 114.6 114.6 0 256 0C397.4 0 512 114.6 512 256C512 397.4 397.4 512 256 512C114.6 512 0 397.4 0 256zM371.8 211.8C382.7 200.9 382.7 183.1 371.8 172.2C360.9 161.3 343.1 161.3 332.2 172.2L224 280.4L179.8 236.2C168.9 225.3 151.1 225.3 140.2 236.2C129.3 247.1 129.3 264.9 140.2 275.8L204.2 339.8C215.1 350.7 232.9 350.7 243.8 339.8L371.8 211.8z\"><\/path><\/svg><\/div><div class=\"uagb-ifb-title-wrap\"><h3 class=\"uagb-ifb-title\"><strong><strong>\ud83d\udccb Descri\u00e7\u00e3o do Trabalho \u2013 Dom\u00e9stica<\/strong><\/strong><\/h3><\/div><p class=\"uagb-ifb-desc\"><strong>Fun\u00e7\u00f5es principais:<\/strong><br><strong>Servi\u00e7os gerais de limpeza: varrer, passar pano, aspirar, lavar e organizar os ambientes da casa (quartos, salas, banheiros, cozinha).<\/strong><br><strong>Organiza\u00e7\u00e3o dom\u00e9stica: arrumar camas, guardar roupas, manter arm\u00e1rios e despensas em ordem.<\/strong><br><strong>Lavanderia b\u00e1sica: lavar, estender, recolher e passar roupas.<\/strong><br><strong>Cozinha simples: preparo de refei\u00e7\u00f5es caseiras do dia a dia (arroz, feij\u00e3o, carnes, saladas, massas), al\u00e9m de lanches e caf\u00e9s.<\/strong><br><strong>Aux\u00edlio em tarefas cotidianas: lavar lou\u00e7a, retirar lixo, abastecer itens de higiene e limpeza.<\/strong><br><strong>Perfil desejado:<\/strong><br><strong>Responsabilidade e pontualidade.<\/strong><br><strong>Capricho e aten\u00e7\u00e3o aos detalhes.<\/strong><br><strong>No\u00e7\u00f5es de higiene e seguran\u00e7a alimentar.<\/strong><br><strong>Boa disposi\u00e7\u00e3o para aprender receitas simples e adaptar-se \u00e0s prefer\u00eancias da fam\u00edlia.<\/strong><br><strong>Objetivo do trabalho:<\/strong><br><strong>Garantir um ambiente limpo, organizado e acolhedor, al\u00e9m de oferecer refei\u00e7\u00f5es simples e saborosas para o bem-estar da casa.<\/strong><br><br><a href=\"https:\/\/domesticassp.com.br\/?page_id=843\" title=\"Faca seu Pedido Agora\">Faca seu Pedido Agora<\/a><br><br><a href=\"https:\/\/domesticassp.com.br\/?page_id=847\" title=\"Cadastre seu Curriculo\">Cadastre seu Curriculo<\/a><br><br>\u00cdndice Remissivo<a href=\"https:\/\/domesticassp.com.br\/?page_id=1565\"> : empregada dom\u00e9stica <\/a>\u00a0&#8211;\u00a0 <a href=\"https:\/\/domesticassp.com.br\/?page_id=1541\">arrumadeira dom\u00e9stica<\/a>\u00a0 &#8211;\u00a0 <a href=\"https:\/\/domesticassp.com.br\/?page_id=1547\">cuidadora de idosos<\/a>\u00a0 &#8211;\u00a0 <a href=\"https:\/\/domesticassp.com.br\/?page_id=1667\">bab\u00e1<\/a>\u00a0 &#8211;\u00a0 <a href=\"https:\/\/domesticassp.com.br\/?page_id=1669\">cozinheira dom\u00e9stica<\/a>\u00a0 &#8211;\u00a0 <a href=\"https:\/\/domesticassp.com.br\/?page_id=1671\">faxineira diarista<\/a>\u00a0 &#8211;\u00a0 <a href=\"https:\/\/domesticassp.com.br\/?page_id=1537\">retornar a servi\u00e7os<\/a><br><\/p><\/div><\/div>\n<\/div>\n<\/div>\n\n\n\n<p><\/p>\n","protected":false},"excerpt":{"rendered":"<p>Contrate uma empregada dom\u00e9stica para servi\u00e7os gerais, limpeza, organiza\u00e7\u00e3o e apoio no dia a dia da sua resid\u00eancia Empregada Domestica<\/p>\n","protected":false},"author":1,"featured_media":0,"parent":0,"menu_order":0,"comment_status":"closed","ping_status":"closed","template":"","meta":{"_uag_custom_page_level_css":"","site-sidebar-layout":"default","site-content-layout":"","ast-site-content-layout":"default","site-content-style":"default","site-sidebar-style":"default","ast-global-header-display":"","ast-banner-title-visibility":"","ast-main-header-display":"","ast-hfb-above-header-display":"","ast-hfb-below-header-display":"","ast-hfb-mobile-header-display":"","site-post-title":"","ast-breadcrumbs-content":"","ast-featured-img":"","footer-sml-layout":"","ast-disable-related-posts":"","theme-transparent-header-meta":"","adv-header-id-meta":"","stick-header-meta":"","header-above-stick-meta":"","header-main-stick-meta":"","header-below-stick-meta":"","astra-migrate-meta-layouts":"set","ast-page-background-enabled":"default","ast-page-background-meta":{"desktop":{"background-color":"var(--ast-global-color-4)","background-image":"","background-repeat":"repeat","background-position":"center center","background-size":"auto","background-attachment":"scroll","background-type":"","background-media":"","overlay-type":"","overlay-color":"","overlay-opacity":"","overlay-gradient":""},"tablet":{"background-color":"","background-image":"","background-repeat":"repeat","background-position":"center center","background-size":"auto","background-attachment":"scroll","background-type":"","background-media":"","overlay-type":"","overlay-color":"","overlay-opacity":"","overlay-gradient":""},"mobile":{"background-color":"","background-image":"","background-repeat":"repeat","background-position":"center center","background-size":"auto","background-attachment":"scroll","background-type":"","background-media":"","overlay-type":"","overlay-color":"","overlay-opacity":"","overlay-gradient":""}},"ast-content-background-meta":{"desktop":{"background-color":"var(--ast-global-color-5)","background-image":"","background-repeat":"repeat","background-position":"center center","background-size":"auto","background-attachment":"scroll","background-type":"","background-media":"","overlay-type":"","overlay-color":"","overlay-opacity":"","overlay-gradient":""},"tablet":{"background-color":"var(--ast-global-color-5)","background-image":"","background-repeat":"repeat","background-position":"center center","background-size":"auto","background-attachment":"scroll","background-type":"","background-media":"","overlay-type":"","overlay-color":"","overlay-opacity":"","overlay-gradient":""},"mobile":{"background-color":"var(--ast-global-color-5)","background-image":"","background-repeat":"repeat","background-position":"center center","background-size":"auto","background-attachment":"scroll","background-type":"","background-media":"","overlay-type":"","overlay-color":"","overlay-opacity":"","overlay-gradient":""}},"footnotes":""},"class_list":["post-1565","page","type-page","status-publish","hentry"],"aioseo_notices":[],"_hostinger_reach_plugin_has_subscription_block":false,"_hostinger_reach_plugin_is_elementor":false,"uagb_featured_image_src":{"full":false,"thumbnail":false,"medium":false,"medium_large":false,"large":false,"1536x1536":false,"2048x2048":false},"uagb_author_info":{"display_name":"lucianosegura@icloud.com","author_link":"https:\/\/domesticassp.com.br\/?author=1"},"uagb_comment_info":0,"uagb_excerpt":"Contrate uma empregada dom\u00e9stica para servi\u00e7os gerais, limpeza, organiza\u00e7\u00e3o e apoio no dia a dia da sua resid\u00eancia Empregada Domestica","_links":{"self":[{"href":"https:\/\/domesticassp.com.br\/index.php?rest_route=\/wp\/v2\/pages\/1565","targetHints":{"allow":["GET"]}}],"collection":[{"href":"https:\/\/domesticassp.com.br\/index.php?rest_route=\/wp\/v2\/pages"}],"about":[{"href":"https:\/\/domesticassp.com.br\/index.php?rest_route=\/wp\/v2\/types\/page"}],"author":[{"embeddable":true,"href":"https:\/\/domesticassp.com.br\/index.php?rest_route=\/wp\/v2\/users\/1"}],"replies":[{"embeddable":true,"href":"https:\/\/domesticassp.com.br\/index.php?rest_route=%2Fwp%2Fv2%2Fcomments&post=1565"}],"version-history":[{"count":9,"href":"https:\/\/domesticassp.com.br\/index.php?rest_route=\/wp\/v2\/pages\/1565\/revisions"}],"predecessor-version":[{"id":1697,"href":"https:\/\/domesticassp.com.br\/index.php?rest_route=\/wp\/v2\/pages\/1565\/revisions\/1697"}],"wp:attachment":[{"href":"https:\/\/domesticassp.com.br\/index.php?rest_route=%2Fwp%2Fv2%2Fmedia&parent=1565"}],"curies":[{"name":"wp","href":"https:\/\/api.w.org\/{rel}","templated":true}]}}