{"id":632,"date":"2025-11-04T16:08:48","date_gmt":"2025-11-04T16:08:48","guid":{"rendered":"https:\/\/domesticassp.com.br\/?page_id=632"},"modified":"2026-04-24T02:00:31","modified_gmt":"2026-04-24T02:00:31","slug":"quem-somos","status":"publish","type":"page","link":"https:\/\/domesticassp.com.br\/?page_id=632","title":{"rendered":"Quem Somos"},"content":{"rendered":"\n<div class=\"wp-block-columns is-layout-flex wp-container-core-columns-is-layout-28f84493 wp-block-columns-is-layout-flex\">\n<div class=\"wp-block-column is-layout-flow wp-block-column-is-layout-flow\" style=\"flex-basis:33.33%\">\n<div class=\"wp-block-uagb-image uagb-block-d7fe4c4b wp-block-uagb-image--layout-default wp-block-uagb-image--effect-static wp-block-uagb-image--align-none\"><figure class=\"wp-block-uagb-image__figure\"><img loading=\"lazy\" decoding=\"async\" srcset=\"https:\/\/domesticassp.com.br\/wp-content\/uploads\/2025\/11\/recrutamento-1024x683.jpg ,https:\/\/domesticassp.com.br\/wp-content\/uploads\/2025\/11\/recrutamento-scaled.jpg 780w, https:\/\/domesticassp.com.br\/wp-content\/uploads\/2025\/11\/recrutamento-scaled.jpg 360w\" sizes=\"auto, (max-width: 480px) 150px\" src=\"https:\/\/domesticassp.com.br\/wp-content\/uploads\/2025\/11\/recrutamento-1024x683.jpg\" alt=\"Recrutamento 1024x683\" class=\"uag-image-604\" width=\"1024\" height=\"683\" title=\"recrutamento\" loading=\"lazy\" role=\"img\"><\/figure><\/div>\n\n\n\n<div class=\"wp-block-uagb-image uagb-block-8742a60b wp-block-uagb-image--layout-default wp-block-uagb-image--effect-static wp-block-uagb-image--align-none\"><figure class=\"wp-block-uagb-image__figure\"><img loading=\"lazy\" decoding=\"async\" srcset=\"https:\/\/domesticassp.com.br\/wp-content\/uploads\/2025\/11\/EntrevistaD-1024x683.jpg ,https:\/\/domesticassp.com.br\/wp-content\/uploads\/2025\/11\/EntrevistaD-scaled-e1762128687817.jpg 780w, https:\/\/domesticassp.com.br\/wp-content\/uploads\/2025\/11\/EntrevistaD-scaled-e1762128687817.jpg 360w\" sizes=\"auto, (max-width: 480px) 150px\" src=\"https:\/\/domesticassp.com.br\/wp-content\/uploads\/2025\/11\/EntrevistaD-1024x683.jpg\" alt=\"EntrevistaD 1024x683\" class=\"uag-image-596\" width=\"1024\" height=\"683\" title=\"Two smiling women standing and shaking hands\" loading=\"lazy\" role=\"img\"><\/figure><\/div>\n<\/div>\n\n\n\n<div class=\"wp-block-column is-layout-flow wp-block-column-is-layout-flow\" style=\"flex-basis:66.66%\">\n<h3 class=\"wp-block-heading\"><strong>\u2705 Quem Somos <\/strong><\/h3>\n\n\n\n<p><strong>H\u00e1 mais de 50 anos, a DomesticasSP \u00e9 refer\u00eancia em sele\u00e7\u00e3o de empregadas dom\u00e9sticas em S\u00e3o Paulo. Atuamos com foco em seguran\u00e7a, confian\u00e7a e agilidade, conectando fam\u00edlias a profissionais qualificadas e com experi\u00eancia comprovada.<\/strong><\/p>\n\n\n\n<p><strong>Sabemos que contratar uma empregada dom\u00e9stica confi\u00e1vel pode ser um grande desafio. Por isso, oferecemos um processo completo de recrutamento e sele\u00e7\u00e3o de dom\u00e9sticas, incluindo bab\u00e1s, cozinheiras, cuidadoras de idosos e arrumadeiras.<\/strong><\/p>\n\n\n\n<p><strong>Al\u00e9m disso, realizamos uma triagem rigorosa, com entrevistas presenciais, checagem detalhada de refer\u00eancias e an\u00e1lise de perfil. Dessa forma, garantimos mais seguran\u00e7a e assertividade na contrata\u00e7\u00e3o.<\/strong><\/p>\n\n\n\n<p><strong>Nosso compromisso \u00e9 facilitar sua rotina e trazer tranquilidade para o seu lar. Por isso, trabalhamos apenas com profissionais avaliadas e alinhadas \u00e0s necessidades de cada fam\u00edlia.<\/strong><\/p>\n\n\n\n<p><strong>Se voc\u00ea procura uma ag\u00eancia de empregadas dom\u00e9sticas em S\u00e3o Paulo confi\u00e1vel, a DomesticasSP est\u00e1 pronta para ajudar.<\/strong><\/p>\n\n\n\n<p><strong><strong><a href=\"https:\/\/domesticassp.com.br\/?page_id=843\" title=\"\ud83d\udc49 Entre em contato e encontre a profissional ideal com rapidez e seguran\u00e7a..\">\ud83d\udc49 Entre em contato e encontre a profissional ideal com rapidez e seguran\u00e7a..<\/a><\/strong><\/strong><\/p>\n<\/div>\n<\/div>\n\n\n\n<p><\/p>\n","protected":false},"excerpt":{"rendered":"<p>\u2705 Quem Somos H\u00e1 mais de 50 anos, a DomesticasSP \u00e9 refer\u00eancia em sele\u00e7\u00e3o de empregadas dom\u00e9sticas em S\u00e3o Paulo. Atuamos com foco em seguran\u00e7a, confian\u00e7a e agilidade, conectando fam\u00edlias a profissionais qualificadas e com experi\u00eancia comprovada. Sabemos que contratar uma empregada dom\u00e9stica confi\u00e1vel pode ser um grande desafio. Por isso, oferecemos um processo completo [&hellip;]<\/p>\n","protected":false},"author":1,"featured_media":604,"parent":567,"menu_order":1,"comment_status":"closed","ping_status":"closed","template":"","meta":{"_uag_custom_page_level_css":"","site-sidebar-layout":"default","site-content-layout":"","ast-site-content-layout":"default","site-content-style":"default","site-sidebar-style":"default","ast-global-header-display":"","ast-banner-title-visibility":"","ast-main-header-display":"","ast-hfb-above-header-display":"","ast-hfb-below-header-display":"","ast-hfb-mobile-header-display":"","site-post-title":"","ast-breadcrumbs-content":"","ast-featured-img":"","footer-sml-layout":"","ast-disable-related-posts":"","theme-transparent-header-meta":"","adv-header-id-meta":"","stick-header-meta":"","header-above-stick-meta":"","header-main-stick-meta":"","header-below-stick-meta":"","astra-migrate-meta-layouts":"set","ast-page-background-enabled":"default","ast-page-background-meta":{"desktop":{"background-color":"var(--ast-global-color-4)","background-image":"","background-repeat":"repeat","background-position":"center center","background-size":"auto","background-attachment":"scroll","background-type":"","background-media":"","overlay-type":"","overlay-color":"","overlay-opacity":"","overlay-gradient":""},"tablet":{"background-color":"","background-image":"","background-repeat":"repeat","background-position":"center center","background-size":"auto","background-attachment":"scroll","background-type":"","background-media":"","overlay-type":"","overlay-color":"","overlay-opacity":"","overlay-gradient":""},"mobile":{"background-color":"","background-image":"","background-repeat":"repeat","background-position":"center center","background-size":"auto","background-attachment":"scroll","background-type":"","background-media":"","overlay-type":"","overlay-color":"","overlay-opacity":"","overlay-gradient":""}},"ast-content-background-meta":{"desktop":{"background-color":"var(--ast-global-color-5)","background-image":"","background-repeat":"repeat","background-position":"center center","background-size":"auto","background-attachment":"scroll","background-type":"","background-media":"","overlay-type":"","overlay-color":"","overlay-opacity":"","overlay-gradient":""},"tablet":{"background-color":"var(--ast-global-color-5)","background-image":"","background-repeat":"repeat","background-position":"center center","background-size":"auto","background-attachment":"scroll","background-type":"","background-media":"","overlay-type":"","overlay-color":"","overlay-opacity":"","overlay-gradient":""},"mobile":{"background-color":"var(--ast-global-color-5)","background-image":"","background-repeat":"repeat","background-position":"center center","background-size":"auto","background-attachment":"scroll","background-type":"","background-media":"","overlay-type":"","overlay-color":"","overlay-opacity":"","overlay-gradient":""}},"footnotes":""},"class_list":["post-632","page","type-page","status-publish","has-post-thumbnail","hentry"],"aioseo_notices":[],"_hostinger_reach_plugin_has_subscription_block":false,"_hostinger_reach_plugin_is_elementor":false,"uagb_featured_image_src":{"full":["https:\/\/domesticassp.com.br\/wp-content\/uploads\/2025\/11\/recrutamento-scaled.jpg",2560,1707,false],"thumbnail":["https:\/\/domesticassp.com.br\/wp-content\/uploads\/2025\/11\/recrutamento-150x150.jpg",150,150,true],"medium":["https:\/\/domesticassp.com.br\/wp-content\/uploads\/2025\/11\/recrutamento-300x200.jpg",300,200,true],"medium_large":["https:\/\/domesticassp.com.br\/wp-content\/uploads\/2025\/11\/recrutamento-768x512.jpg",768,512,true],"large":["https:\/\/domesticassp.com.br\/wp-content\/uploads\/2025\/11\/recrutamento-1024x683.jpg",1024,683,true],"1536x1536":["https:\/\/domesticassp.com.br\/wp-content\/uploads\/2025\/11\/recrutamento-1536x1024.jpg",1536,1024,true],"2048x2048":["https:\/\/domesticassp.com.br\/wp-content\/uploads\/2025\/11\/recrutamento-2048x1365.jpg",2048,1365,true]},"uagb_author_info":{"display_name":"lucianosegura@icloud.com","author_link":"https:\/\/domesticassp.com.br\/?author=1"},"uagb_comment_info":0,"uagb_excerpt":"\u2705 Quem Somos H\u00e1 mais de 50 anos, a DomesticasSP \u00e9 refer\u00eancia em sele\u00e7\u00e3o de empregadas dom\u00e9sticas em S\u00e3o Paulo. Atuamos com foco em seguran\u00e7a, confian\u00e7a e agilidade, conectando fam\u00edlias a profissionais qualificadas e com experi\u00eancia comprovada. Sabemos que contratar uma empregada dom\u00e9stica confi\u00e1vel pode ser um grande desafio. Por isso, oferecemos um processo completo&hellip;","_links":{"self":[{"href":"https:\/\/domesticassp.com.br\/index.php?rest_route=\/wp\/v2\/pages\/632","targetHints":{"allow":["GET"]}}],"collection":[{"href":"https:\/\/domesticassp.com.br\/index.php?rest_route=\/wp\/v2\/pages"}],"about":[{"href":"https:\/\/domesticassp.com.br\/index.php?rest_route=\/wp\/v2\/types\/page"}],"author":[{"embeddable":true,"href":"https:\/\/domesticassp.com.br\/index.php?rest_route=\/wp\/v2\/users\/1"}],"replies":[{"embeddable":true,"href":"https:\/\/domesticassp.com.br\/index.php?rest_route=%2Fwp%2Fv2%2Fcomments&post=632"}],"version-history":[{"count":6,"href":"https:\/\/domesticassp.com.br\/index.php?rest_route=\/wp\/v2\/pages\/632\/revisions"}],"predecessor-version":[{"id":1864,"href":"https:\/\/domesticassp.com.br\/index.php?rest_route=\/wp\/v2\/pages\/632\/revisions\/1864"}],"up":[{"embeddable":true,"href":"https:\/\/domesticassp.com.br\/index.php?rest_route=\/wp\/v2\/pages\/567"}],"wp:featuredmedia":[{"embeddable":true,"href":"https:\/\/domesticassp.com.br\/index.php?rest_route=\/wp\/v2\/media\/604"}],"wp:attachment":[{"href":"https:\/\/domesticassp.com.br\/index.php?rest_route=%2Fwp%2Fv2%2Fmedia&parent=632"}],"curies":[{"name":"wp","href":"https:\/\/api.w.org\/{rel}","templated":true}]}}